st the prime factors of 49106.
2, 43, 571
List the prime factors of 57520.
2, 5, 719
What are the prime factors of 631?
631
What are the prime factors of 28377?
3, 1051
List the prime factors of 149768.
2, 97, 193
What are the prime factors of 7268?
2, 23, 79
What are the prime factors of 832?
2, 13
What are the prime factors of 4382?
2, 7, 313
List the prime factors of 9222.
2, 3, 29, 53
List the prime factors of 5408.
2, 13
What are the prime factors of 27774?
2, 3, 1543
List the prime factors of 31202.
2, 15601
What are the prime factors of 1748?
2, 19, 23
List the prime factors of 136541.
136541
What are the prime factors of 177087?
3, 59029
List the prime factors of 24435.
3, 5, 181
List the prime factors of 5339.
19, 281
What are the prime factors of 26213?
11, 2383
List the prime factors of 34351.
34351
What are the prime factors of 1368?
2, 3, 19
List the prime factors of 26322.
2, 3, 41, 107
List the prime factors of 17592.
2, 3, 733
List the prime factors of 257.
257
List the prime factors of 13520.
2, 5, 13
List the prime factors of 58208.
2, 17, 107
What are the prime factors of 807?
3, 269
What are the prime factors of 2972?
2, 743
What are the prime factors of 1234?
2, 617
List the prime factors of 12068.
2, 7, 431
What are the prime factors of 61939?
23, 2693
What are the prime factors of 1292?
2, 17, 19
List the prime factors of 612.
2, 3, 17
List the prime factors of 2297.
2297
What are the prime factors of 112244?
2, 11, 2551
What are the prime factors of 1186?
2, 593
List the prime factors of 717.
3, 239
List the prime factors of 8620.
2, 5, 431
List the prime factors of 93075.
3, 5, 17, 73
What are the prime factors of 6290?
2, 5, 17, 37
What are the prime factors of 7343?
7, 1049
List the prime factors of 8607.
3, 19, 151
What are the prime factors of 11229?
3, 19, 197
What are the prime factors of 1298?
2, 11, 59
What are the prime factors of 28643?
28643
List the prime factors of 32263.
7, 11, 419
What are the prime factors of 22462?
2, 11, 1021
What are the prime factors of 2138?
2, 1069
List the prime factors of 6209.
7, 887
List the prime factors of 23948.
2, 5987
List the prime factors of 435.
3, 5, 29
What are the prime factors of 20049?
3, 41, 163
What are the prime factors of 2756?
2, 13, 53
What are the prime factors of 11885?
5, 2377
What are the prime factors of 17729?
17729
List the prime factors of 34046.
2, 29, 587
What are the prime factors of 77001?
3, 25667
What are the prime factors of 88?
2, 11
What are the prime factors of 1524?
2, 3, 127
List the prime factors of 16012.
2, 4003
What are the prime factors of 79193?
79193
What are the prime factors of 6603?
3, 31, 71
List the prime factors of 1012.
2, 11, 23
List the prime factors of 7068.
2, 3, 19, 31
List the prime factors of 2670.
2, 3, 5, 89
What are the prime factors of 3727?
3727
List the prime factors of 493.
17, 29
List the prime factors of 1690.
2, 5, 13
What are the prime factors of 10268?
2, 17, 151
What are the prime factors of 2630?
2, 5, 263
What are the prime factors of 2994?
2, 3, 499
What are the prime factors of 15488?
2, 11
What are the prime factors of 94522?
2, 167, 283
List the prime factors of 22254.
2, 3, 3709
List the prime factors of 2400.
2, 3, 5
List the prime factors of 656.
2, 41
What are the prime factors of 41909?
7, 5987
What are the prime factors of 24508?
2, 11, 557
List the prime factors of 555.
3, 5, 37
What are the prime factors of 7613?
23, 331
List the prime factors of 27113.
19, 1427
What are the prime factors of 1876?
2, 7, 67
What are the prime factors of 20156?
2, 5039
List the prime factors of 128197.
17, 7541
List the prime factors of 460.
2, 5, 23
List the prime factors of 6022.
2, 3011
What are the prime factors of 9278?
2, 4639
List the prime factors of 281.
281
List the prime factors of 24938.
2, 37, 337
List the prime factors of 8016.
2, 3, 167
List the prime factors of 205525.
5, 8221
What are the prime factors of 1682?
2, 29
What are the prime factors of 17631?
3, 653
List the prime factors of 2654.
2, 1327
List the prime factors of 3364.
2, 29
List the prime factors of 12100.
2, 5, 11
List the prime factors of 16357.
11, 1487
List the prime factors of 7723.
7723
What are the prime factors of 133108?
2, 107, 311
List the prime factors of 34928.
2, 37, 59
List the prime factors of 3286.
2, 31, 53
List the prime factors of 62764.
2, 13, 17, 71
What are the prime factors of 2339?
2339
List the prime factors of 1174.
2, 587
What are the prime factors of 139475?
5, 7, 797
List the prime factors of 63044.
2, 15761
List the prime factors of 34660.
2, 5, 1733
What are the prime factors of 55275?
3, 5, 11, 67
What are the prime factors of 37?
37
What are the prime factors of 1470?
2, 3, 5, 7
What are the prime factors of 4377?
3, 1459
List the prime factors of 489.
3, 163
List the prime factors of 7406.
2, 7, 23
What are the prime factors of 2260?
2, 5, 113
List the prime factors of 2333.
2333
List the prime factors of 2195.
5, 439
List the prime factors of 7301.
7, 149
What are the prime factors of 35901?
3, 3989
List the prime factors of 970.
2, 5, 97
List the prime factors of 71740.
2, 5, 17, 211
List the prime factors of 223.
223
What are the prime factors of 1533?
3, 7, 73
What are the prime factors of 35955?
3, 5, 17, 47
List the prime factors of 1597.
1597
What are the prime factors of 5324?
2, 11
What are the prime factors of 868?
2, 7, 31
What are the prime factors of 822?
2, 3, 137
List the prime factors of 19013.
19013
List the prime factors of 14987.
7, 2141
What are the prime factors of 9457?
7, 193
List the prime factors of 326.
2, 163
List the prime factors of 12735.
3, 5, 283
What are the prime factors of 40320?
2, 3, 5, 7
List the prime factors of 5638.
2, 2819
What are the prime factors of 1864?
2, 233
List the prime factors of 4136.
2, 11, 47
List the prime factors of 20.
2, 5
List the prime factors of 11024.
2, 13, 53
What are the prime factors of 2255?
5, 11, 41
List the prime factors of 533.
13, 41
List the prime factors of 6408.
2, 3, 89
What are the prime factors of 135?
3, 5
List the prime factors of 16886.
2, 8443
List the prime factors of 3678.
2, 3, 613
List the prime factors of 31295.
5, 11, 569
What are the prime factors of 1164?
2, 3, 97
List the prime factors of 5121.
3, 569
List the prime factors of 82233.
3, 9137
List the prime factors of 4812.
2, 3, 401
What are the prime factors of 16475?
5, 659
What are the prime factors of 65081?
151, 431
List the prime factors of 22436.
2, 71, 79
List the prime factors of 17535.
3, 5, 7, 167
List the prime factors of 2979.
3, 331
List the prime factors of 14893.
53, 281
What are the prime factors of 6162?
2, 3, 13, 79
List the prime factors of 28521.
3, 3169
List the prime factors of 3573.
3, 397
List the prime factors of 691.
691
What are the prime factors of 963?
3, 107
What are the prime factors of 29488?
2, 19, 97
What are the prime factors of 30293?
30293
List the prime factors of 32930.
2, 5, 37, 89
List the prime factors of 424.
2, 53
List the prime factors of 242.
2, 11
What are the prime factors of 19281?
3, 6427
What are the prime factors of 16936?
2, 29, 73
What are the prime factors of 1879?
1879
What are the prime factors of 8750?
2, 5, 7
What are the prime factors of 1536?
2, 3
What are the prime factors of 15322?
2, 47, 163
List the prime factors of 112870.
2, 5, 11287
What are the prime factors of 1023?
3, 11, 31
What are the prime factors of 56183?
19, 2957
What are the prime factors of 30446?
2, 13, 1171
What are the prime factors of 6900?
2, 3, 5, 23
What are the prime factors of 9214?
2, 17, 271
What are the prime factors of 2388?
2, 3, 199
List the prime factors of 61984.
2, 13, 149
List the prime factors of 13495.
5, 2699
List the prime factors of 6293.
7, 29, 31
What are the prime factors of 31319?
31319
What are the prime factors of 3076?
2, 769
What are the prime factors of 33315?
3, 5, 2221
What are the prime factors of 47970?
2, 3, 5, 13, 41
What are the prime factors of 38037?
3, 31, 409
What are the prime factors of 19626?
2, 3, 3271
What are the prime factors of 386?
2, 193
List the prime factors of 18210.
2, 3, 5, 607
What are the prime factors of 227?
227
What are the prime factors of 253?
11, 23
What 